{"version":"1.0","provider_name":"","provider_url":"https:\/\/eletfa.cafeblog.hu","author_name":"H. Kov\u00e1cs Gabriella","author_url":"https:\/\/eletfa.cafeblog.hu\/author\/valosagszellemi\/","title":"\u00c9N","html":"<p>\u00a0<a href=\"https:\/\/eletfa.cafeblog.hu\/files\/2015\/01\/il_fullxfull.323283723.jpg\"><img class=\"wp-image-880 alignright\" src=\"https:\/\/eletfa.cafeblog.hu\/files\/2015\/01\/il_fullxfull.323283723.jpg\" alt=\"il_fullxfull.323283723\" width=\"264\" height=\"344\" \/><\/a>Az <em>emberi \u00e9n<\/em>, csak gondolt <em>\u00e9n<\/em>, az igazi \u00c9N gondolat\u00e1nak eml\u00e9ke, halov\u00e1ny lenyomata. <br \/>Ennek az igazs\u00e1gnak a felismer\u00e9se, a felejt\u00e9s megsz\u00fcntet\u00e9se. Felismer\u00e9se annak, ami mindig volt, van, lesz, csak a l\u00e9lek \u00e1ltal egy ideig el van fedve. De elj\u00f6n a pillanat, mikor a h\u00e1rtya oly v\u00e9konny\u00e1 v\u00e1lik, hogy \u00e1tsz\u0171r\u0151dik rajta val\u00f3dis\u00e1gunk, mely megv\u00e1ltoztatja benn\u00fcnk \u00e9s k\u00f6r\u00fcl\u00f6tt\u00fcnk a vil\u00e1got. Hisz maga az ember, \u00c9g \u00e9s F\u00f6ld kapcsolat\u00e1nak \u0151rz\u0151je.<\/p>\r\n<p>&nbsp;<\/p>\r\n<p>&nbsp;<\/p>\r\n<p>&nbsp;<\/p>\r\n<p>&nbsp;<\/p>\r\n<p>&nbsp;<\/p>\r\n<p>&nbsp;<\/p>\r\n<p>&nbsp;<\/p>\r\n<h6>K\u00e9p: internet\u00a0\u00a0\u00a0\u00a0\u00a0\u00a0\u00a0\u00a0\u00a0\u00a0\u00a0\u00a0\u00a0\u00a0\u00a0\u00a0\u00a0\u00a0\u00a0\u00a0\u00a0\u00a0\u00a0\u00a0\u00a0\u00a0\u00a0\u00a0\u00a0\u00a0\u00a0\u00a0\u00a0\u00a0\u00a0\u00a0\u00a0\u00a0\u00a0\u00a0\u00a0\u00a0\u00a0\u00a0\u00a0\u00a0\u00a0\u00a0\u00a0\u00a0\u00a0\u00a0\u00a0\u00a0\u00a0\u00a0\u00a0\u00a0\u00a0\u00a0\u00a0\u00a0\u00a0\u00a0\u00a0\u00a0\u00a0\u00a0\u00a0<\/h6>\r\n<h6>\u00a0Sz\u00f6veg: H. Kov\u00e1cs Gabriella<\/h6>","type":"rich","thumbnail_url":"https:\/\/eletfa.cafeblog.hu\/files\/2015\/01\/il_fullxfull.323283723-150x150.jpg","thumbnail_width":150,"thumbnail_height":150}

H. Kovács Gabriella

ÉN

<p> <a href="https://eletfa.cafeblog.hu/files/2015/01/il_fullxfull.323283723.jpg"><img class="wp-image-880 alignright" src="https://eletfa.cafeblog.hu/files/2015/01/il_fullxfull.323283723.jpg" alt="il_fullxfull.323283723" width="264" height="344" /></a>Az <em>emberi én</em>, csak gondolt <em>én</em>, az igazi ÉN gondolatának emléke, halovány lenyomata. <br />Ennek az igazságnak a felismerése, a felejtés megszüntetése. Felismerése annak, ami mindig volt, van, lesz, csak a lélek által egy ideig el van fedve. De eljön a pillanat, mikor a hártya oly vékonnyá válik, hogy átszűrődik rajta valódiságunk, mely megváltoztatja bennünk és körülöttünk a világot. Hisz maga az ember, Ég és Föld kapcsolatának őrzője.</p>
<p>&nbsp;</p>
<p>&nbsp;</p>
<p>&nbsp;</p>
<p>&nbsp;</p>
<p>&nbsp;</p>
<p>&nbsp;</p>
<p>&nbsp;</p>
<h6>Kép: internet                                                                     </h6>
<h6> Szöveg: H. Kovács Gabriella</h6>
