{"version":"1.0","provider_name":"","provider_url":"https:\/\/eletfa.cafeblog.hu","author_name":"H. Kov\u00e1cs Gabriella","author_url":"https:\/\/eletfa.cafeblog.hu\/author\/valosagszellemi\/","title":"Hogy boldog lehess","html":"<div>A boldogs\u00e1g nem lehet \u00a0c\u00e9l, \u00a0a boldogs\u00e1g \u00a0k\u00f6vetkezm\u00e9ny.<a href=\"https:\/\/eletfa.cafeblog.hu\/files\/2013\/10\/1383650_567790759955092_1466525510_n.jpg\"><img class=\"size-medium wp-image-402 alignright\" alt=\"1383650_567790759955092_1466525510_n\" src=\"https:\/\/eletfa.cafeblog.hu\/files\/2013\/10\/1383650_567790759955092_1466525510_n-300x200.jpg\" width=\"300\" height=\"200\" \/><\/a><\/div>\r\n<div>Visszacsatol\u00e1s, jelz\u00e9s arr\u00f3l, hogy az \u00e9letprogramunk beteljes\u00edt\u00e9s\u00e9nek \u00fatj\u00e1n harmonikusan, sikeresen, kreat\u00edvan, szellemi\u00a0gyarapod\u00e1sban haladunk el\u0151re, szem\u00e9lyis\u00e9g\u00fcnk kiteljesedik, fejl\u0151dik. A \u00a0\u00e9lvezetek hajszol\u00e1sa, a pillanatnyi kiel\u00e9g\u00fcl\u00e9s el\u00e9r\u00e9se sohasem vezet tart\u00f3s, hossz\u00fat\u00e1v\u00fa lelki boldogs\u00e1ghoz.<\/div>\r\n<div>\r\n<div><\/div>\r\n<div><\/div>\r\n<div><\/div>\r\n<div><\/div>\r\n<div><\/div>\r\n<div><\/div>\r\n<div><\/div>\r\n<div><\/div>\r\n<div><strong>Seneca: Gondolkozz, hogy boldog lehess!<\/strong><\/div>\r\n<div><\/div>\r\n<div>A tet\u0151pontra az jut, aki tudja, minek \u00f6r\u00fclj\u00f6n, aki boldogs\u00e1g\u00e1t nem tette m\u00e1sokt\u00f3l f\u00fcgg\u0151v\u00e9,<\/div>\r\n<div>aki nem nyugtalankodik, aki b\u00edzik \u00f6nmag\u00e1ban...<\/div>\r\n<div>H\u00e1t tanulj meg \u00f6r\u00fclni!<\/div>\r\n<div>\u00a0De ne hidd, hogy a rem\u00e9nyeket, vagy a leg\u00e9desebb mulats\u00e1gokat hi\u00e1baval\u00f3nak tartom,<\/div>\r\n<div>s ezzel megfosztalak az \u00e9let k\u00edn\u00e1lta gy\u00f6ny\u00f6r\u0171s\u00e9gekt\u0151l. Ellenkez\u0151leg.<\/div>\r\n<div>\u00a0Azt akarom, hogy sose l\u00e9gy sz\u0171k\u00e9ben a vid\u00e1ms\u00e1gnak, hogy h\u00e1zadban mosoly fakadjon, s ha ott terem, tebenned lakik.<\/div>\r\n<div>M\u00e1s v\u00edgass\u00e1gok nem t\u00f6ltik el a sz\u00edvet val\u00f3di \u00f6r\u00f6mmel, csak homlokod r\u00e1nc\u00e1t sim\u00edtj\u00e1k ki fut\u00f3 pillanatokra... Hidd el, az igazi boldogs\u00e1g komoly dolog.<\/div>\r\n<div>Vagy azt k\u00e9pzeled, b\u00e1rki k\u00e9pes der\u0171s arccal megvetni a hal\u00e1lt, ajt\u00f3t nyitni a szeg\u00e9nys\u00e9gnek, elszenvedni a f\u00e1jdalmakat \u00e9s elhaj\u00edtani az \u00e9lvezeteket?<\/div>\r\n<div>Aki ekk\u00e9ppen gondolkozik, boldog, de nem igaz\u00e1n.<\/div>\r\n<div>\u00a0Neked m\u00e1smilyen boldogs\u00e1got k\u00edv\u00e1nok: olyat, amelyik sosem hagy el, ha egyszer megtal\u00e1ltad a forr\u00e1s\u00e1t.<\/div>\r\n<div>\u00a0<a href=\"https:\/\/eletfa.cafeblog.hu\/files\/2013\/10\/1102641_566007243466777_1510248680_o.jpg\"><img class=\"aligncenter size-full wp-image-403\" alt=\"1102641_566007243466777_1510248680_o\" src=\"https:\/\/eletfa.cafeblog.hu\/files\/2013\/10\/1102641_566007243466777_1510248680_o.jpg\" width=\"1024\" height=\"675\" \/><\/a><\/div>\r\n<div><\/div>\r\n<div><\/div>\r\n<div><\/div>\r\n<div><b>Ami k\u00f6nnyen el\u00e9rhet\u0151, az a felsz\u00ednen csillog.<\/b><\/div>\r\n<div><b>Ami \u00e9rt\u00e9k, olykor f\u00e9nytelen, \u00e9s a m\u00e9lyre kell \u00e1sni \u00e9rte!<\/b><\/div>\r\n<div><b>Amiben a sokas\u00e1g \u00e9lvezet\u00e9t leli, siv\u00e1r \u00e9s illan\u00f3 gy\u00f6ny\u00f6r\u0171s\u00e9get k\u00edn\u00e1l.<\/b><\/div>\r\n<div><b>Amir\u0151l \u00e9n besz\u00e9lek, az a felsz\u00ednr\u0151l nem l\u00e1that\u00f3, \u00e9s bens\u0151dben der\u00fcl.<\/b><\/div>\r\n<div><\/div>\r\n<div>Sz\u00f3rd el, ami csillog, \u00e9s az igazi j\u00f3ra vesd tekintetedet!<\/div>\r\n<div>\u00a0\u00d6r\u00fclj a magad\u00e9nak. Hogy mit jelent ez?<\/div>\r\n<div>T\u00e9ged \u00e9s \u00e9ned legszebb r\u00e9sz\u00e9t.<\/div>\r\n<div>\u00a0M\u00e9g ez alkalmi testet, a k\u00f6nt\u00f6st - b\u00e1r n\u00e9lk\u00fcle semmi nem t\u00f6rt\u00e9nhetne meg - csup\u00e1n sz\u00fcks\u00e9gesnek, mint fontosnak tartsd.<\/div>\r\n<div>Hi\u00fa gy\u00f6ny\u00f6r\u00f6ket t\u00e1pl\u00e1l, illan\u00f3 \u00f6r\u00f6m\u00f6ket, melyek k\u00f6nnyen \u00e1tcsapnak szomor\u00fas\u00e1gba, em\u00e9szt\u0151 b\u00e1natba.<\/div>\r\n<div>A gy\u00f6ny\u00f6r, a f\u00e1jdalom szakad\u00e9k\u00e1ba zuhan, ha nem ismer hat\u00e1rt!<\/div>\r\n<div>\u00c1m megf\u00e9kezni neh\u00e9z azt, mit kor\u00e1bban j\u00f3nak hitt\u00e9l.<\/div>\r\n<div>\u00a0Az igazi j\u00f3ra, kock\u00e1zat n\u00e9lk\u00fcl v\u00e1gy\u00f3dhatsz.<\/div>\r\n<div>Szeretn\u00e9d tudni, honnan ered?<\/div>\r\n<div>\u00a0Ha sz\u00e1nd\u00e9kaid becs\u00fcletesek, cselekedeteid helyesek, lelkiismereted nem z\u00fagol\u00f3dik,<\/div>\r\n<div>\u00a0\u00e9s megtagadod a v\u00e9letlen aj\u00e1nd\u00e9kait (nem a szerencs\u00e9ben b\u00edzol \u00e9s v\u00e1rod),<\/div>\r\n<div>- akkor egyenes gerinccel j\u00e1rhatsz az \u00faton, azon az \u00faton, amit \u00e9letnek nevez\u00fcnk...<\/div>\r\n<div><\/div>\r\n<div>Kevesen j\u00e1rj\u00e1k az utat az \u00fat term\u00e9szete szerint.<a href=\"https:\/\/eletfa.cafeblog.hu\/files\/2013\/10\/1234409_550553151678853_771806936_n.jpg\"><img class=\"size-medium wp-image-404 alignright\" alt=\"1234409_550553151678853_771806936_n\" src=\"https:\/\/eletfa.cafeblog.hu\/files\/2013\/10\/1234409_550553151678853_771806936_n-200x300.jpg\" width=\"200\" height=\"300\" \/><\/a><\/div>\r\n<div>Ink\u00e1bb a saj\u00e1t term\u00e9szet\u00fcknek h\u00f3dolnak, s mint a foly\u00f3 \u00e1rj\u00e1val tova\u00fasz\u00f3 holmik sodr\u00f3dnak egyik partr\u00f3l a m\u00e1sikra...<\/div>\r\n<div>\"Rosszul \u00e9l, aki mindig csak \u00e9lni kezd\" - mondja Epikurosz.<\/div>\r\n<div>\"Mi\u00e9rt\" - k\u00e9rded joggal.<\/div>\r\n<div>Az\u00e9rt, mert senki sem gondolkodik akkor, amikor \u00e9ppen csak belefog az \u00e9letbe.<\/div>\r\n<div>Tartsd ezt szem el\u0151tt, gondolkozz \u00e9s \u00e9lj!<\/div>\r\n<\/div>\r\n<div><\/div>\r\n<div>Csak az \u00a0adhat igazi boldogs\u00e1got sz\u00e1munkra , ha felismerj\u00fck, \u00a0hogy kimer\u00edthetetlen er\u0151forr\u00e1s \u00e1ll rendelkez\u00e9s\u00fcnkre , \u00e9s k\u00e9pesek vagyunk az \u00e9let\u00fcnkben felbukkan\u00f3 \u00a0 probl\u00e9m\u00e1kkal megbirk\u00f3zni. Igazi \u00e9s maradand\u00f3 boldogs\u00e1g k\u00f6sz\u00f6nt r\u00e1nk, amint tiszt\u00e1n meg\u00e9rtj\u00fck, hogy minden gyenges\u00e9g\u00fcnk \u00a0fel\u00fclm\u00falhat\u00f3, minden hib\u00e1nk jav\u00edthat\u00f3, \u00e9s a legmer\u00e9szebb \u00e1lmok is val\u00f3ra v\u00e1lthat\u00f3k.<\/div>\r\n<div>A boldogs\u00e1g a \u00a0szem\u00e9lyes beteljesed\u00e9s lelki \u00e9s szellemi \u00e1llapota. Szabads\u00e1gunkban \u00e1ll, hogy a boldogs\u00e1got v\u00e1lasszuk, \u00e9ppen \u00fagy, ahogy az eg\u00e9szs\u00e9get, \u00f6r\u00f6m\u00f6t, vagy a sikert.<\/div>","type":"rich","thumbnail_url":"https:\/\/eletfa.cafeblog.hu\/files\/2013\/10\/1102641_566007243466777_1510248680_o-150x150.jpg","thumbnail_width":150,"thumbnail_height":150}

H. Kovács Gabriella

<div>A boldogság nem lehet  cél,  a boldogság  következmény.<a href="https://eletfa.cafeblog.hu/files/2013/10/1383650_567790759955092_1466525510_n.jpg"><img class="size-medium wp-image-402 alignright" alt="1383650_567790759955092_1466525510_n" src="https://eletfa.cafeblog.hu/files/2013/10/1383650_567790759955092_1466525510_n-300x200.jpg" width="300" height="200" /></a></div>
<div>Visszacsatolás, jelzés arról, hogy az életprogramunk beteljesítésének útján harmonikusan, sikeresen, kreatívan, szellemi gyarapodásban haladunk előre, személyiségünk kiteljesedik, fejlődik. A  élvezetek hajszolása, a pillanatnyi kielégülés elérése sohasem vezet tartós, hosszútávú lelki boldogsághoz.</div>
<div>
<div></div>
<div></div>
<div></div>
<div></div>
<div></div>
<div></div>
<div></div>
<div></div>
<div><strong>Seneca: Gondolkozz, hogy boldog lehess!</strong></div>
<div></div>
<div>A tetőpontra az jut, aki tudja, minek örüljön, aki boldogságát nem tette másoktól függővé,</div>
<div>aki nem nyugtalankodik, aki bízik önmagában...</div>
<div>Hát tanulj meg örülni!</div>
<div> De ne hidd, hogy a reményeket, vagy a legédesebb mulatságokat hiábavalónak tartom,</div>
<div>s ezzel megfosztalak az élet kínálta gyönyörűségektől. Ellenkezőleg.</div>
<div> Azt akarom, hogy sose légy szűkében a vidámságnak, hogy házadban mosoly fakadjon, s ha ott terem, tebenned lakik.</div>
<div>Más vígasságok nem töltik el a szívet valódi örömmel, csak homlokod ráncát simítják ki futó pillanatokra... Hidd el, az igazi boldogság komoly dolog.</div>
<div>Vagy azt képzeled, bárki képes derűs arccal megvetni a halált, ajtót nyitni a szegénységnek, elszenvedni a fájdalmakat és elhajítani az élvezeteket?</div>
<div>Aki ekképpen gondolkozik, boldog, de nem igazán.</div>
<div> Neked másmilyen boldogságot kívánok: olyat, amelyik sosem hagy el, ha egyszer megtaláltad a forrását.</div>
<div> <a href="https://eletfa.cafeblog.hu/files/2013/10/1102641_566007243466777_1510248680_o.jpg"><img class="aligncenter size-full wp-image-403" alt="1102641_566007243466777_1510248680_o" src="https://eletfa.cafeblog.hu/files/2013/10/1102641_566007243466777_1510248680_o.jpg" width="1024" height="675" /></a></div>
<div></div>
<div></div>
<div></div>
<div><b>Ami könnyen elérhető, az a felszínen csillog.</b></div>
<div><b>Ami érték, olykor fénytelen, és a mélyre kell ásni érte!</b></div>
<div><b>Amiben a sokaság élvezetét leli, sivár és illanó gyönyörűséget kínál.</b></div>
<div><b>Amiről én beszélek, az a felszínről nem látható, és bensődben derül.</b></div>
<div></div>
<div>Szórd el, ami csillog, és az igazi jóra vesd tekintetedet!</div>
<div> Örülj a magadénak. Hogy mit jelent ez?</div>
<div>Téged és éned legszebb részét.</div>
<div> Még ez alkalmi testet, a köntöst - bár nélküle semmi nem történhetne meg - csupán szükségesnek, mint fontosnak tartsd.</div>
<div>Hiú gyönyöröket táplál, illanó örömöket, melyek könnyen átcsapnak szomorúságba, emésztő bánatba.</div>
<div>A gyönyör, a fájdalom szakadékába zuhan, ha nem ismer határt!</div>
<div>Ám megfékezni nehéz azt, mit korábban jónak hittél.</div>
<div> Az igazi jóra, kockázat nélkül vágyódhatsz.</div>
<div>Szeretnéd tudni, honnan ered?</div>
<div> Ha szándékaid becsületesek, cselekedeteid helyesek, lelkiismereted nem zúgolódik,</div>
<div> és megtagadod a véletlen ajándékait (nem a szerencsében bízol és várod),</div>
<div>- akkor egyenes gerinccel járhatsz az úton, azon az úton, amit életnek nevezünk...</div>
<div></div>
<div>Kevesen járják az utat az út természete szerint.<a href="https://eletfa.cafeblog.hu/files/2013/10/1234409_550553151678853_771806936_n.jpg"><img class="size-medium wp-image-404 alignright" alt="1234409_550553151678853_771806936_n" src="https://eletfa.cafeblog.hu/files/2013/10/1234409_550553151678853_771806936_n-200x300.jpg" width="200" height="300" /></a></div>
<div>Inkább a saját természetüknek hódolnak, s mint a folyó árjával tovaúszó holmik sodródnak egyik partról a másikra...</div>
<div>"Rosszul él, aki mindig csak élni kezd" - mondja Epikurosz.</div>
<div>"Miért" - kérded joggal.</div>
<div>Azért, mert senki sem gondolkodik akkor, amikor éppen csak belefog az életbe.</div>
<div>Tartsd ezt szem előtt, gondolkozz és élj!</div>
</div>
<div></div>
<div>Csak az  adhat igazi boldogságot számunkra , ha felismerjük,  hogy kimeríthetetlen erőforrás áll rendelkezésünkre , és képesek vagyunk az életünkben felbukkanó   problémákkal megbirkózni. Igazi és maradandó boldogság köszönt ránk, amint tisztán megértjük, hogy minden gyengeségünk  felülmúlható, minden hibánk javítható, és a legmerészebb álmok is valóra válthatók.</div>
<div>A boldogság a  személyes beteljesedés lelki és szellemi állapota. Szabadságunkban áll, hogy a boldogságot válasszuk, éppen úgy, ahogy az egészséget, örömöt, vagy a sikert.</div>
